
Let k(a) = -9*a - 2. Give k(-4).
34
Let m(k) = 25*k + 235. Determine m(-9).
10
Let j(w) = w**2 + 8*w + 10. What is j(-10)?
30
Let r(q) = -4*q - 101. Determine r(-23).
-9
Let l(n) = n**3 + 5*n**2 - 3*n - 2. Calculate l(-5).
13
Let f(l) = -3*l + 8. Give f(-1).
11
Let j(h) = h**3 - 5*h**2 - 3*h + 8. Calculate j(5).
-7
Let n(y) = -7*y + 8. Calculate n(-4).
36
Let g(p) = p**3 + 15*p**2 + 40*p + 46. Give g(-12).
-2
Let o(i) = -28*i - 653. Determine o(-23).
-9
Let n(j) = 2*j**2 - 5*j - 7. What is n(-3)?
26
Let l(u) = -11*u + 37. Give l(4).
-7
Let t(z) = -2*z**2 - 56*z - 86. Calculate t(-27).
-32
Let y(s) = -s**3 + 9*s**2 + 10*s + 4. Give y(10).
4
Let r(s) = 2*s - 51. Calculate r(25).
-1
Let h(r) = -2*r - 13. Give h(0).
-13
Let v(y) = y**3 + y**2 - 31*y + 8. Give v(5).
3
Let g(p) = -p**3 - 2*p**2 + p - 4. Give g(-3).
2
Let z(t) = -4*t - 7. Determine z(-3).
5
Let f(w) = -w**2 - 12*w + 9. What is f(-11)?
20
Let y(l) = 3*l**2 + 58*l + 27. Determine y(-19).
8
Let a(v) = 4*v**2 + 5*v + 3. Give a(-4).
47
Let a(f) = -2*f**2 + 11*f - 8. Calculate a(9).
-71
Let v(b) = -b**3 + 11*b**2 - 8*b - 10. Give v(10).
10
Let d(q) = -q**2 - 7*q + 16. Give d(-8).
8
Let s(o) = -3*o - 2. Determine s(0).
-2
Let r(p) = -p**2 + 4*p - 4. Give r(7).
-25
Let d(r) = -r**3 - 2*r**2 + 17*r + 13. Determine d(-6).
55
Let m(w) = w**3 + 13*w**2 - 30*w - 12. Calculate m(-15).
-12
Let t(k) = -k**3 + k**2 + k + 24. What is t(0)?
24
Let v(p) = 2*p**3 - 9*p**2 + 5*p - 1. Calculate v(4).
3
Let h(u) = -4*u**2 + 6*u - 10. Calculate h(2).
-14
Let b(f) = -f**2 + 21*f - 30. Give b(20).
-10
Let j(p) = -2*p**3 - 7*p**2 - 12*p + 7. Calculate j(-4).
71
Let f(g) = -g**2 - 7*g - 14. Give f(-5).
-4
Let g(p) = p**2 - 20*p + 88. What is g(16)?
24
Let y(c) = 5*c + 42. What is y(-7)?
7
Let n(b) = b**2 + 8*b + 6. Give n(-7).
-1
Let l(j) = -2*j**3 + 47*j**2 - 22*j - 33. What is l(23)?
-10
Let q(x) = -x**3 + x**2. What is q(2)?
-4
Let b(c) = c**3 - 3*c**2 + 2*c + 3. Give b(5).
63
Let p(j) = -j**3 - 15*j**2 - 16*j - 25. Give p(-14).
3
Let f(w) = 8*w - 2. What is f(4)?
30
Let w(v) = v**2 + 13*v - 33. Determine w(-16).
15
Let p(w) = 23*w - 1. Give p(-1).
-24
Let m(n) = -n**3 - 19*n**2 + 4. Calculate m(-19).
4
Let a(t) = t**3 + 17*t**2 + 9*t + 147. What is a(-17)?
-6
Let b(s) = -42*s + 150. What is b(4)?
-18
Let h(j) = -j**3 - 4*j**2 - 2*j. What is h(-4)?
8
Let s(r) = -r + 17. What is s(7)?
10
Let a(c) = -c**2 - 21*c - 7. Determine a(-18).
47
Let c(r) = r + 21. Determine c(-29).
-8
Let l(a) = 31*a - 109. Calculate l(4).
15
Let k(s) = -s**3 - 10*s**2 - 9*s + 4. Give k(-9).
4
Let d(z) = z**2 - 13*z + 10. Determine d(12).
-2
Let c(g) = 7*g**3 + g**2 + g - 1. Calculate c(-1).
-8
Let s(x) = -9*x**3 - x**2 - x - 6. Give s(-2).
64
Let o(n) = -n + 10. What is o(10)?
0
Let j(p) = -p**2 - p + 1. Determine j(4).
-19
Let v(u) = u - 33. Determine v(30).
-3
Let g(s) = 3*s**3 - 3*s - 3. Give g(-2).
-21
Let v(x) = 2*x + 9. Give v(-5).
-1
Let y(p) = -3*p - 60. Determine y(-21).
3
Let n(p) = p**2 - 2*p - 12. What is n(7)?
23
Let y(k) = -k**3 + 7*k**2 - 6*k - 3. Determine y(7).
-45
Let a(d) = 12*d - 65. Determine a(8).
31
Let m(p) = -6*p + 10. What is m(15)?
-80
Let r(b) = -5*b + 111. Determine r(23).
-4
Let a(s) = -s**3 + 3*s**2 + s - 1. Determine a(3).
2
Let c(x) = -x**2 - 5*x - 12. What is c(-5)?
-12
Let z(y) = y**3 - 8*y**2 + 10. Calculate z(7).
-39
Let i(a) = a**3 + 7*a**2 - 1. What is i(-7)?
-1
Let d(m) = -4*m - 44. Give d(0).
-44
Let j(l) = 13*l + 462. Give j(-36).
-6
Let u(l) = -3*l**2 + l + 7. Give u(-2).
-7
Let i(o) = -o**2 + 7*o + 9. Give i(9).
-9
Let i(h) = -h**2 + 16*h - 5. Give i(15).
10
Let v(y) = 9*y + 56. Give v(-6).
2
Let q(h) = -2*h**2 - 11*h + 2. What is q(2)?
-28
Let r(v) = 5*v**3 - 5*v**2 + 6*v - 3. Determine r(2).
29
Let t(q) = -2*q**2 - 5*q - 3. What is t(-2)?
-1
Let x(i) = 12*i - 214. What is x(18)?
2
Let p(i) = 4*i**2 - 15*i + 8. Determine p(6).
62
Let b(m) = m**2 + 5*m + 6. Calculate b(-4).
2
Let b(c) = 8*c - 26. What is b(-5)?
-66
Let f(a) = -a**2 + 6*a + 10. Give f(-2).
-6
Let w(d) = -4*d - 26. What is w(-5)?
-6
Let q(n) = 3*n**2 + 5*n + 5. Determine q(-2).
7
Let o(l) = 3*l + 39. What is o(-11)?
6
Let y(q) = -10*q + 2. What is y(3)?
-28
Let f(a) = 4*a**3 + 31*a**2 - 7*a + 12. Calculate f(-8).
4
Let f(n) = -n**3 - 14*n**2 - 15*n. What is f(-12)?
-108
Let x(b) = -3*b + 117. Determine x(38).
3
Let l(m) = m**2 + 8. Determine l(3).
17
Let p(w) = w + 4. Give p(11).
15
Let m(u) = -u**2 + 2*u - 6. What is m(0)?
-6
Let l(z) = -z**2 - 12*z - 39. Calculate l(-9).
-12
Let d(t) = -18*t - 22. What is d(-7)?
104
Let v(b) = -b**3 - 11*b**2 - 14*b + 6. What is v(-10)?
46
Let b(g) = -g**3 + 7*g**2 - 2*g + 1. Determine b(4).
41
Let o(z) = -2*z**2 + 3*z + 1. Calculate o(-3).
-26
Let g(h) = h + 18. Calculate g(-23).
-5
Let x(a) = -7*a + 30. Give x(7).
-19
Let u(h) = h**3 + 9*h - 6. Determine u(0).
-6
Let q(u) = -u**3 - 6*u**2 + 6*u - 3. Calculate q(-7).
4
Let x(v) = 2*v**3 - 18*v**2 + 12*v + 27. Calculate x(8).
-5
Let l(p) = -p**3 - 4*p**2 + 46*p - 1. Give l(5).
4
Let a(o) = 2*o**2 + o - 36. Give a(0).
-36
Let q(a) = -3*a**3 + 5*a**2 - 4*a + 1. What is q(1)?
-1
Let l(j) = -j**3 + 7*j**2 - 5*j - 7. Determine l(6).
-1
Let z(a) = -a**2 + 8*a - 10. Calculate z(6).
2
Let o(f) = -5*f - 22. Calculate o(-4).
-2
Let a(l) = l**2 - 4*l - 75. Calculate a(10).
-15
Let m(x) = -x**3 - 29*x**2 - 54*x + 59. Give m(-27).
59
Let a(u) = -u - 5. Calculate a(-7).
2
Let o(m) = 3*m - 12. Give o(7).
9
Let f(o) = o**2 - 8*o + 5. What is f(7)?
-2
Let m(l) = l**2 + 90*l + 506. Determine m(-6).
2
Let t(k) = 23*k**2 - 1. What is t(-1)?
22
Let p(i) = 2*i - 28. Calculate p(20).
12
Let z(o) = 2*o**3 - 11*o**2 + 10*o - 3. What is z(4)?
-11
Let g(c) = -c**3 - 4*c**2 + c + 7. Give g(-3).
-5
Let c(p) = 5*p + 49. Give c(-4).
29
Let x(r) = 3*r + 27. What is x(-12)?
-9
Let w(i) = 2*i**2 + 4*i + 16. What is w(-3)?
22
Let f(l) = -l**3 - 8*l**2 + 20*l - 37. Calculate f(-10).
-37
Let h(y) = 2*y - 14. Calculate h(-21).
-56
Let x(d) = 4*d**3 + 2*d**2 - 5*d + 6. Calculate x(-3).
-69
Let j(d) = 8*d - 58. Calculate j(7).
-2
Let n(g) = -g**2 - 4*g - 8. Give n(-4).
-8
Let y(m) = 25*m + 230. Give y(-9).
5
Let t(g) = -g**3 - g + 26. Calculate t(0).
26
Let b(r) = -r + 17. Determine b(0).
17
Let c(u) = u**3 - 12*u**2 + 15*u - 53. Give c(11).
-9
Let g(b) = -13*b - 120. What is g(-9)?
-3
Let z(s) = -s**3 + 2*s**2 + 7*s. Give z(4).
-4
Let z(n) = n**3 - n - 8. Calculate z(0).
-8
Let z(s) = s**2 - 27*s + 165. Determine z(20).
25
Let r(o) = -o**3 - 9*o**2 + 8*o - 24. What is r(-10)?
-4
Let w(f) = -f - 10. Determine w(8).
-18
Let j(r) = r**2 + 10*r + 19. Determine j(-8).
3
Let s(q) = -q**2 + 5*q + 3. What is s(2)?
9
Let p(d) = d**2 + 2*d - 5. What is p(-7)?
30
Let j(n) = n**2 + 25*n + 131. Give j(-18).
5
Let h(d) = 4*d**2 + d - 4. What is h(0)?
-4
Let q(s) = 9*s + 14. What is q(-2)?
-4
Let w(c) = 3*c - 12. Calculate w(5).
3
Let l(g) = g**3 + 13*g**2 - 28*g + 22. Calculate l(-15).
-8
Let v(b) = 12*b**3 + b**2 - b - 1. What is v(-1)?
-11
Let n(d) = d + 34. Give n(-18).
16
Let o(v) = -v**2 + 8*v + 3. Determine o(6).
15
Let z(i) = -49*i - 497. Determine z(-10).
-7
Let a(b) = b**2 - 15*b + 55. What is a(8)?
-1
Let t(h) = 6*h + 11. Determine t(6).
47
Let g(r) = r**3 + 13*r**2 - r + 7. Give g(-13).
20
Let r(x) = 3*x. Determine r(2).
6
Let a(k) = -4*k - 13. Give a(-1).
-9
Let o(t) = -13*t - 36. What is o(3)?
-75
Let s(b) = -b**2 + 5*b - 4. What is s(4)?
0
Let o(r) = -r**2 + 10*r - 5. Calculate o(10).
-5
Let m(h) = 2*h**2 - 4*h + 4. Give m(-4).
52
Let v(r) = 2*r**3 + 14*r**2 + 6*r + 12. What is v(-7)?
-30
Let o(z) = z + 14. Calculate o(-11).
3
Let w(z) = -z**2 + 20*z - 132. Determine w(13).
-41
Let b(u) = u. Determine b(-3).
-3
Let b(g) = -g**3 - 3*g**2 + 14*g + 39. Determine b(-3).
-3
Let k(l) = l**3 - 2*l + 14. Give k(0).
14
Let a(y) = -y**3 + 5*y**2 - 5*y + 6. Determine a(4).
2
Let t(h) = -h**2 + 24*h. Calculate t(24).
0
Let c(f) = 134*f - 2. Give c(1).
132
Let g(a) = 46*a**3 + 2*a - 1. Calculate g(1).
47
Let f(t) = -86*t + 498. What is f(6)?
-18
Let m(b) = 130*b. Calculate m(0).
0
Let d(c) = 6*c**3 + c**2 - 2*c - 3. What is d(-1)?
-6
Let i(b) = -4*b + 13. Determine i(12).
-35
Let k(u) = -u**2 + 10*u - 17. Give k(7).
4
Let t(z) = 2*z**3 - 6*z**2 - 7*z + 5. Determine t(4).
9
Let i(p) = -1